 + -11 - -10 - 3?
8
-4 + 1 + 4 - 3 - -2
0
What is -1 - (-9 - (-4 - (4 + -4)))?
4
What is the value of 1 + -1 - (-1 - -4) - 2?
-5
What is the value of 8 - 9 - 3 - -3?
-1
What is -6 + (4 + -7 - (-7 - 1))?
-1
Evaluate (-4 - (8 + -19)) + (3 - 13).
-3
What is the value of 3 - (1 + (-6 - -2 - -1))?
5
What is the value of 1 + -2 + 0 + 4 + -2?
1
Evaluate -8 - (-39 - -9) - 14.
8
Calculate 3 + 10 - (3 - (3 - 8)).
5
Calculate -2 - 4 - (-26 - -17).
3
What is the value of (-3 - -6) + -17 + 9?
-5
What is -4 + 2 - (4 + 1) - -4?
-3
-4 - (0 - (2 + 1)) - 0
-1
What is the value of (16 - 17) + 0 + 4?
3
What is 4 + (-3 - -5) + (-1 - 0)?
5
Calculate (-3 + -1 + 6 - 6) + 6.
2
What is the value of -1 - 0 - (-2 + -4 + 6)?
-1
-1 - (-1 - (-5 - -5))
0
What is -2 - (1 - 5 - (3 - 6))?
-1
Evaluate 4 + 7 + -8 + -1 + -1.
1
What is -1 - ((1 - 1) + -2 + 1)?
0
(3 - -3) + (-5 - 0)
1
What is (113 - 106) + (-11 - 2)?
-6
Evaluate -3 + (0 + 1 - 1) - -1.
-2
Evaluate 12 + 11 + -24 + (4 - 1).
2
What is 1 + (-2 - (1 - 4)) + -5?
-3
What is 4 + -3 + (0 - -4) - 5?
0
What is the value of -1 + 1 + (4 - 10) + 11?
5
Evaluate (-5 + 11 - 6) + 6 + -1.
5
What is the value of -2 - (7 + -4 - 7)?
2
Calculate (0 - -1) + (2 - 4 - -1).
0
Evaluate -7 + (-2 - (-6 - 1)).
-2
(-3 + 2 - -4) + -10
-7
Evaluate -7 + (2 + 5 - (12 - 9)).
-3
What is 2 + (3 - 0) + (-6 - -1)?
0
0 + 2 + -3 + -3 + 6
2
2 + 0 - (-11 + 15 + 7)
-9
What is 7 - (5 + -6 + 17 + -3)?
-6
What is the value of (-5 - -4) + (-1 - (-2 - -5))?
-5
Evaluate -1 + (-2 - -4) + 4.
5
(7 - (-1 - -9)) + 0 + -4
-5
-3 - (4 - (-1 - -2) - 3)
-3
(44 - 38) + (-1 - 1)
4
1 - (1 - 0) - (8 - 5)
-3
7 - (0 + (9 - (0 - -2)))
0
Calculate (-2 - -7) + 1 + -3 + -3.
0
Calculate -10 + 2 - (-7 + 3 + 1).
-5
What is 6 + -2 + 2 + -10?
-4
Calculate 11 + (-9 - 4) + 6.
4
What is -2 - (1 + -2 + -1)?
0
What is the value of 0 + (0 - -5) + -6 + 7?
6
What is the value of 7 + (-2 - (4 - -3))?
-2
Calculate -2 + 1 - (-5 - -6).
-2
Evaluate -10 - (-16 + 6 + 4).
-4
What is 6 + (4 - 2) + -2 + -3?
3
What is -15 + 21 + (-1 - (2 + 0))?
3
What is (-88 - -83) + -1 + -1 + -1?
-8
Evaluate 4 + (4 - 9) - (13 - 6).
-8
4 - (2 - ((0 - 3) + 2))
1
Evaluate 0 - (12 + -8) - 1.
-5
Calculate (-8 - (-7 + -1)) + -1.
-1
What is the value of 12 + (-5 - -4 - 5)?
6
-39 + 48 + -17 + 3
-5
0 - (1 - (5 - 4))
0
Evaluate -2 - -3 - (-1 - 3).
5
What is the value of (-1 - (13 - 5)) + 4?
-5
What is the value of 84 - 77 - (10 - -2)?
-5
What is the value of -5 + 5 + -5 + 0?
-5
Calculate 6 + (-11 - (-10 - -4)).
1
Evaluate -3 + 3 - -4 - 8.
-4
What is -1 + -5 + 3 + 2 - 3?
-4
1 - ((1 - -3 - 3) + 4)
-4
Evaluate (-5 - -11) + (-4 - 0).
2
Evaluate -13 + 7 - (1 + -3).
-4
What is the value of 3 + -4 + (-5 - -6)?
0
Evaluate (0 - (4 - 3)) + 2 + -8.
-7
What is the value of (-1 + 1 - (6 - 9)) + -8?
-5
What is 1 - 4 - (-2 + (-6 - -3))?
2
What is (-7 - 0) + (9 - 5) + 7?
4
What is -11 + 8 - (-1 + 1 + 1)?
-4
What is the value of 16 + (-2 - 8 - -1)?
7
-3 + (-10 - -5) + 14
6
2 + -3 + -1 + 0
-2
Evaluate 5 - (2 + 3) - (1 - 5).
4
What is 5 - 0 - (16 - (-1 - -15))?
3
Calculate -12 + 14 + -2 + (0 - 3).
-3
Evaluate -28 - -19 - (-16 + 4).
3
What is the value of (5 - (1 + 0)) + -13 + 2?
-7
-3 - (-4 + 0) - (-1 + 2)
0
Evaluate 3 + 16 + -14 - (-1 - 1).
7
Evaluate -16 + (12 - 4) - -3.
-5
What is -3 - 0 - 2 - -5?
0
Evaluate -1 - (-4 - -2) - (7 - 4).
-2
What is the value of -6 + 8 + (0 - (6 + -2))?
-2
Calculate 1 + 0 + -8 + 1 + 2.
-4
What is 2 + -1 - (32 - 34)?
3
Evaluate 13 + (7 - 12) + -1 - 3.
4
What is the value of -7 - (3 - (18 - 8))?
0
0 - (-9 - -5 - -7 - -3)
-6
Evaluate -2 + -5 + 3 - -5.
1
What is 0 + 3 - (4 - 1)?
0
3 - (0 + 4 + -7 - -4)
2
Evaluate (0 - -6) + (8 - 10).
4
7 - (1 + (1 - -13) - 3)
-5
Calculate -11 + 6 + 6 + -4.
-3
Evaluate -11 - 8 - -19 - (-3 - 1).
4
What is 101 + -105 + (-1 - (4 + -1))?
-8
Evaluate 12 + (3 - (3 - -12)).
0
Evaluate (-8 - -12) + -9 - (1 + -5).
-1
What is the value of 1 + -1 + 0 + 0 - -3?
3
Evaluate (18 - 12) + -8 - -1.
-1
What is the value of -3 - (-4 + 0) - -3 - 1?
3
Evaluate (7 - (-2 - -9)) + 6.
6
Evaluate 0 + (-19 - 1) + (-7 - -16).
-11
What is -9 + (-2 - -12) + 1?
2
What is 4 + -1 + (-4 - 0) + 3?
2
What is the value of 7 + (6 - (11 + 1)) + -4?
-3
What is the value of -1 + 3 - (36 + -31)?
-3
What is the value of (10 - (5 - 1)) + -2 + 4?
8
Calculate -4 - (-2 + 3 - 1 - 6).
2
-12 - (-6 + 11 - (7 - -3))
-7
-6 + -5 + 5 + 2
-4
1 + -6 + 3 - (6 - 10)
2
What is the value of 0 + 1 + (0 + -4 - -1)?
-2
Evaluate -7 + 12 + -5 + 0.
0
Calculate 1 + 0 + 0 - 2 - 2.
-3
(3 - -1) + (-3 - (4 - 0))
-3
Evaluate (-5 - -4) + 3 + -3 + -3.
-4
Evaluate (1 - -5) + -6 + 5.
5
What is the value of (2 - 9) + 11 + -9 + -1?
-6
What is 1 + -3 - (-14 + 0 + 11)?
1
Evaluate -6 + 4 + (2 - 0 - 3).
-3
-1 + (3 - -1) - (-3 + -3)
9
1 + 5 - (1 + (15 - 1))
-9
Evaluate -13 - -2 - (-64 - -62).
-9
(-1 + 3 - (-3 - -4)) + -2
-1
Evaluate -3 - -8 - (4 + 0).
1
What is 1 + 2 - (-3 - 4 - -5)?
5
What is (15 - 14) + (-2 - (-4 + 2))?
1
4 + -4 + (5 - 7)
-2
What is 6 + 1 + -23 + 19?
3
(-5 - -7) + -3 + 1
0
What is (10 - 17) + -3 + 14?
4
What is the value of (0 - -3) + -1 + -2 + 2?
2
(3 - 1) + (3 - 4)
1
-1 + 0 + (6 - 11) - -5
-1
8 - 2 - (15 - 6)
-3
What is (-4 - -3) + (-1 - (-2 - -6))?
-6
What is the value of 3 - (-3 + 2 - -10)?
-6
Evaluate -7 + (4 - 0 - -1).
-2
Calculate -3 + 1 - (1 + -1 - 2).
0
What is -39 + 45 + (-8 - 0)?
-2
What is the value of 2 - (2 - (0 + 3) - -1)?
2
-2 - -7 - 5 - (1 - 3)
2
Evaluate -4 + (6 - (-5 + 2)).
5
(3 - 9) + (0 - (0 + -1))
-5
12 - 10 - (-2 + -5 + 0)
9
What is -8 - (2 - 9) - -2?
1
Calculate 1 - (0 + (-2 - -13) + -5).
-5
Evaluate -39 + 34 - (7 + -1 - 0).
-11
What is the value of -24 + 26 - (2 + -3 + 9)?
-6
Evaluate 2 + (6 - 4 - 3) - 0.
1
What is 9 + (-6 - 4) + -6?
-7
-1 + 3 - (-14 + 15) - -3
4
What is 6 - (0 - (-7 + -7 + 9))?
1
1 + (20 - 6 - 11)
4
What is the value of (-8 - (0 - 6)) + 8?
6
Evaluate 5 - (2 + (1 - 0)).
2
What is the value of -6 + 15 - (13 + -6)?
2
-5 + 9 + (-5 - 0)
-1
What is 11 + (-11 - (0 + 1))?
-1
What is the value of -5 + (6 - (-2 - (-6 + 3)))?
0
What is the value of 3 + (0 - 3) + 5?
5
Calculate 6 - (0 - -5) - -3.
4
-2 + 1 - (3 + 6 + -7)
-3
What is 6 + ((-7 - -18) + -6 - 17)?
-6
Calculate -6 + (-3 - (1 - 7) - 2).
-5
Calculate (7 - 1) + -79 + 67.
-6
What is the value of -2 - (-3 - (-3 - -1))?
-1
What is the value of 1 + ((3 - 6) + 5 - 0)?
3
Calculate (-2 - -7 - 5) + -1 + -2.
-3
Calculate 2 + 0 + (7 - 15 - -1).
-5
Calculate -5 - -12 - (-9 - -14).
2
What is 4 + 1 + (1 - 4) - 2?
0
-2 + -8 - -28 - 11
7
1 + (4 - (-4 + 11))
-2
5 - 1 - (-3 - (-6 - -1))
2
Evaluate (-22 - (-2 - 9)) + 15.
4
Evaluate -3 + -2 - (-2 - -1) - -7.
3
13 + -16 + 2 + 0
-1
What is -3 - -2 - (-3 + 4)?
-2
What is -3 - ((-13 + 3 - -1) + 3)?
3
387 + -381 - (10 + (0 - 0))
-4
-1 - (4 - -3) - -8
0
Calculate (-14 - -9 - (0 + 1)) + 10.
4
Calculate 5 + -5 + 5 + 0.
5
What is the value of -2 + (4 - (-3 + 7))?
-2
What is the value of (2 + -8 - -5) + -1?
-2
What is the value of 1 - (-13 - -9) - (1 - -1)?
3
-3 - (-2 - (-9 - -1 - -7))
-2
Calculate -2 + 2 + 2 + -1 + -6.
-5
What is the value of 5 - (2 + (4 - 5))?
4
Evaluate -2 + -3 + 4 + 2.
1
8 - (-1 + 3 + 2) - -3
7
What is (4 - 0) + (-1 - 2)?
1
What is the value of -1 + -1 - (10 + -7 + -8)?
3
Calculate -2 + (5 - 4) - 2.
-3
What is 2 - ((-6 - -5) + -3 + 5)?
1
-6 + (0 - (-11 - 1))
6
9 - (-6 + 10) - (10 - -1)
-6
Calculate -6 - (1 + -3) - 4 - -3.
-5
Calculate (2 - 2) + 4 - 7.
-3
Calculate (-3 - (-2 - 0)) + -2.
-3
What is 3 + -1 + 5 + -9 + 9?
7
7 + ((-5 - -8) + -9 - -3)
4
Calculate (0 - -3) + (-5 - 0 - -5).
3
Evaluate -5 - (5 + -8 + 0 + -2).
0
Calculate (4 - -2 - 13) + (4 - -9).
6
Calculate -1 + (15 - 6) - 7.
1
-4 - (-1 - 1 - (-1 - 1))
-4
7 - (-3 + -1 + 5) - 4
2
What is 2 - ((4 - 2) + -3)?
3
-45 - -56 - (8 - 1)
4
What is -7 - (-2 - (0 - -4) - 3)?
2
What is 0 - ((4 + -5 - -4) + 1)?
-4
Evaluate 0 + 1 + -6 + 8 + -2.
1
Calculate (-2 - (3 - 1) - 2) + 0.
-6
Evaluate 8 - (4 + 4 + -3) - -2.
5
What is 12 + (5 - (0 - -6)) + -4?
7
Evaluate 2 + -5 - (-1 + -1 - 0).
-1
Calculate -15 + 13 - (-1 + 0 - -3).
-4
What is the value of 1 - (3 + -2 - (-4 + 5))?
1
Calculate 9 + (2 - 4) + -2.
5
Calculate (-3 - -6) + 2 - (31 - 35).
9
2 + (2 + -3 - (-3 - 0))
4
Evaluate (5 - 1) + -5 - (-5 + 4).
0
(0 + -3 - -7) + -5 - -1
0
Calculate (3 - -1 - (0 + 4)) + 6.
6
What is -5 + 0 + 2 +